{"id":3867,"date":"2024-07-21T17:40:37","date_gmt":"2024-07-21T15:40:37","guid":{"rendered":"https:\/\/cyclades.e-samson.org\/?page_id=3867"},"modified":"2024-07-21T17:43:31","modified_gmt":"2024-07-21T15:43:31","slug":"juin-juillet-2024-japon","status":"publish","type":"page","link":"https:\/\/cyclades.e-samson.org\/?page_id=3867","title":{"rendered":"Juin-Juillet 2024 &#8211; Japon"},"content":{"rendered":"<ul class=\"wp-block-latest-posts__list wp-block-latest-posts\"><li><a class=\"wp-block-latest-posts__post-title\" href=\"https:\/\/cyclades.e-samson.org\/?p=2986\">J-0 pour notre nouveau voyage\u2026 au pays du soleil levant !!<\/a><div class=\"wp-block-latest-posts__post-excerpt\">\u3053\u3093\u306b\u3061\u306f ! Konnichiwa ! Nous voil\u00e0 sur le d\u00e9part pour un nouveau grand voyage, de pr\u00e8s de 4 semaines, \u00e0 la d\u00e9couverte d\u2019un pays o\u00f9 nous nous attendons \u00e0 \u00eatre sacr\u00e9ment d\u00e9pays\u00e9s. Toute l\u2019\u00e9quipe est &hellip; <\/div><\/li>\n<li><a class=\"wp-block-latest-posts__post-title\" href=\"https:\/\/cyclades.e-samson.org\/?p=3003\">J1 &#8211; Bien arriv\u00e9s au Japon, d\u00e9pays\u00e9s et d\u00e9cal\u00e9s !<\/a><div class=\"wp-block-latest-posts__post-excerpt\">Notre vol Air France jusqu\u2019\u00e0 Tokyo Narita s\u2019est tr\u00e8s bien pass\u00e9, mais pas facile d\u2019arriver \u00e0 dormir suffisamment en d\u00e9collant \u00e0 midi heure de Paris et en arrivant \u00e0 9h heure japonaise &#8211; l\u2019\u00e9quivalent de &hellip; <\/div><\/li>\n<li><a class=\"wp-block-latest-posts__post-title\" href=\"https:\/\/cyclades.e-samson.org\/?p=3011\">J2 &#8211; Nikko &#8211; \u00c9comus\u00e9e de l\u2019\u00e8re Edo et onsen<\/a><div class=\"wp-block-latest-posts__post-excerpt\">Aujourd&#8217;hui, apr\u00e8s nous \u00eatre remis des sept heures de d\u00e9calage horaire par une bonne nuit de sommeil sur des futons, nous sommes all\u00e9s visiter le Nikko Edo Wonderland, un \u00e9comus\u00e9e de l&#8217;\u00e8re Edo situ\u00e9 \u00e0 &hellip; <\/div><\/li>\n<li><div class=\"wp-block-latest-posts__featured-image\"><a href=\"https:\/\/cyclades.e-samson.org\/?p=3029\" aria-label=\"J3 &#8211; Temples de Nikko et Lac de Ch\u016bsenji\"><img loading=\"lazy\" decoding=\"async\" width=\"150\" height=\"150\" src=\"https:\/\/cyclades.e-samson.org\/wp-content\/uploads\/2024\/06\/8b99bed5-04c0-4b7a-8e72-d567659a46e4-1-150x150.jpg\" class=\"attachment-thumbnail size-thumbnail wp-post-image\" alt=\"\" style=\"\" \/><\/a><\/div><a class=\"wp-block-latest-posts__post-title\" href=\"https:\/\/cyclades.e-samson.org\/?p=3029\">J3 &#8211; Temples de Nikko et Lac de Ch\u016bsenji<\/a><div class=\"wp-block-latest-posts__post-excerpt\">Ce matin nous sommes all\u00e9s en bus voir des temples et des sanctuaires. Il y en avait plein. Il y avait aussi des portes appel\u00e9s &#8220;torii&#8221; et le tombeau du shogun Tokugawa Ieyasu. Pour y &hellip; <\/div><\/li>\n<li><div class=\"wp-block-latest-posts__featured-image\"><a href=\"https:\/\/cyclades.e-samson.org\/?p=3121\" aria-label=\"J8 &#8211; Un petit tour au Mus\u00e9e Ghibli \u00e0 Mitaka\"><img loading=\"lazy\" decoding=\"async\" width=\"150\" height=\"150\" src=\"https:\/\/cyclades.e-samson.org\/wp-content\/uploads\/2024\/07\/img_2007-150x150.jpg\" class=\"attachment-thumbnail size-thumbnail wp-post-image\" alt=\"\" style=\"\" \/><\/a><\/div><a class=\"wp-block-latest-posts__post-title\" href=\"https:\/\/cyclades.e-samson.org\/?p=3121\">J8 &#8211; Un petit tour au Mus\u00e9e Ghibli \u00e0 Mitaka<\/a><div class=\"wp-block-latest-posts__post-excerpt\">(En attendant un article plus complet sur Tokyo qu\u2019Anne-Laure pr\u00e9voit d\u2019\u00e9crire) Ce fameux mus\u00e9e, il se m\u00e9rite\u2026 D\u00e9j\u00e0 il a fallu r\u00e9server les billets : ils sont en vente le 10 du mois pr\u00e9c\u00e9dent, \u00e0 &hellip; <\/div><\/li>\n<li><div class=\"wp-block-latest-posts__featured-image\"><a href=\"https:\/\/cyclades.e-samson.org\/?p=3153\" aria-label=\"J10 &#8211; Au c\u0153ur du volcan Hakone\"><img loading=\"lazy\" decoding=\"async\" width=\"150\" height=\"150\" src=\"https:\/\/cyclades.e-samson.org\/wp-content\/uploads\/2024\/07\/img_2153-150x150.jpg\" class=\"attachment-thumbnail size-thumbnail wp-post-image\" alt=\"\" style=\"\" \/><\/a><\/div><a class=\"wp-block-latest-posts__post-title\" href=\"https:\/\/cyclades.e-samson.org\/?p=3153\">J10 &#8211; Au c\u0153ur du volcan Hakone<\/a><div class=\"wp-block-latest-posts__post-excerpt\">Ce matin nous avons pris plusieurs m\u00e9tros jusqu\u2019\u00e0 la gare de Tokyo et ensuite un train de grande banlieue jusqu\u2019\u00e0 Odawara, une ville \u00e0 l\u2019urbanisme un peu chaotique, au bord de l\u2019Oc\u00e9an Pacifique. Anne-Laure et &hellip; <\/div><\/li>\n<li><div class=\"wp-block-latest-posts__featured-image\"><a href=\"https:\/\/cyclades.e-samson.org\/?p=3186\" aria-label=\"J11 &#8211; Aux lacs du Nord-est du Fuji\"><img loading=\"lazy\" decoding=\"async\" width=\"150\" height=\"150\" src=\"https:\/\/cyclades.e-samson.org\/wp-content\/uploads\/2024\/07\/img_2253-150x150.jpg\" class=\"attachment-thumbnail size-thumbnail wp-post-image\" alt=\"\" style=\"\" \/><\/a><\/div><a class=\"wp-block-latest-posts__post-title\" href=\"https:\/\/cyclades.e-samson.org\/?p=3186\">J11 &#8211; Aux lacs du Nord-est du Fuji<\/a><div class=\"wp-block-latest-posts__post-excerpt\">Apr\u00e8s une \u00ab&nbsp;bonne nuit de sommeil&nbsp;\u00bb (il semble qu\u2019au Japon les matelas soient tr\u00e8s fermes) dans le volcan d\u2019Hakone, nous avons repris ce matin le bus pour Odawara o\u00f9 nous avons pris le fameux Shinkansen &hellip; <\/div><\/li>\n<li><div class=\"wp-block-latest-posts__featured-image\"><a href=\"https:\/\/cyclades.e-samson.org\/?p=3222\" aria-label=\"J12 &#8211; Matsumoto\"><img loading=\"lazy\" decoding=\"async\" width=\"150\" height=\"150\" src=\"https:\/\/cyclades.e-samson.org\/wp-content\/uploads\/2024\/07\/img_2281-150x150.jpg\" class=\"attachment-thumbnail size-thumbnail wp-post-image\" alt=\"\" style=\"\" \/><\/a><\/div><a class=\"wp-block-latest-posts__post-title\" href=\"https:\/\/cyclades.e-samson.org\/?p=3222\">J12 &#8211; Matsumoto<\/a><div class=\"wp-block-latest-posts__post-excerpt\">Tr\u00e8s belle journ\u00e9e pour nous ! avant de d\u00e9coller, petit tour dans le quartier avec de superbes potagers : Et une petite photo de notre maison : Sans oublier le Fuji dans toute sa splendeur, &hellip; <\/div><\/li>\n<li><div class=\"wp-block-latest-posts__featured-image\"><a href=\"https:\/\/cyclades.e-samson.org\/?p=3232\" aria-label=\"J13 &#8211; Fujikawagushiko\"><img loading=\"lazy\" decoding=\"async\" width=\"150\" height=\"150\" src=\"https:\/\/cyclades.e-samson.org\/wp-content\/uploads\/2024\/07\/img_2340-150x150.jpg\" class=\"attachment-thumbnail size-thumbnail wp-post-image\" alt=\"\" style=\"\" \/><\/a><\/div><a class=\"wp-block-latest-posts__post-title\" href=\"https:\/\/cyclades.e-samson.org\/?p=3232\">J13 &#8211; Fujikawagushiko<\/a><div class=\"wp-block-latest-posts__post-excerpt\">Ce matin, nous sommes mont\u00e9s au mont Kachikachi qui surplombe le lac Kawagushiko, en prenant un petit t\u00e9l\u00e9ph\u00e9rique. De la haut, tr\u00e8s jolie vue \u00e0 nouveau sur le Fuji ! \u00c7a nous a permis de &hellip; <\/div><\/li>\n<li><div class=\"wp-block-latest-posts__featured-image\"><a href=\"https:\/\/cyclades.e-samson.org\/?p=3270\" aria-label=\"J14 &#8211; Autour du Fuji, enjambeurs \u00e0 th\u00e9 et arriv\u00e9e \u00e0 Heda\"><img loading=\"lazy\" decoding=\"async\" width=\"150\" height=\"150\" src=\"https:\/\/cyclades.e-samson.org\/wp-content\/uploads\/2024\/07\/img_2457-150x150.jpg\" class=\"attachment-thumbnail size-thumbnail wp-post-image\" alt=\"\" style=\"\" \/><\/a><\/div><a class=\"wp-block-latest-posts__post-title\" href=\"https:\/\/cyclades.e-samson.org\/?p=3270\">J14 &#8211; Autour du Fuji, enjambeurs \u00e0 th\u00e9 et arriv\u00e9e \u00e0 Heda<\/a><div class=\"wp-block-latest-posts__post-excerpt\">Aujourd\u2019hui nous quittons notre logement de Fujikawaguchiko o\u00f9 nous avons pass\u00e9 3 nuits, pour rejoindre la p\u00e9ninsule d\u2019Izu au sud du Fuji. Mais nous commen\u00e7ons par une premi\u00e8re halte \u00e0 Osino Hakkai, petit village avec &hellip; <\/div><\/li>\n<li><div class=\"wp-block-latest-posts__featured-image\"><a href=\"https:\/\/cyclades.e-samson.org\/?p=3279\" aria-label=\"J15 &#8211; Heda et alentours sur la p\u00e9ninsule d\u2019Izu, par Cl\u00e9mentine\"><img loading=\"lazy\" decoding=\"async\" width=\"150\" height=\"150\" src=\"https:\/\/cyclades.e-samson.org\/wp-content\/uploads\/2024\/07\/img_2580-150x150.jpg\" class=\"attachment-thumbnail size-thumbnail wp-post-image\" alt=\"\" style=\"\" \/><\/a><\/div><a class=\"wp-block-latest-posts__post-title\" href=\"https:\/\/cyclades.e-samson.org\/?p=3279\">J15 &#8211; Heda et alentours sur la p\u00e9ninsule d\u2019Izu, par Cl\u00e9mentine<\/a><div class=\"wp-block-latest-posts__post-excerpt\">Aujourd&#8217;hui, nous avons pass\u00e9 la matin\u00e9e \u00e0 la plage de Mihama dans la baie de Heda. Nous y avons rencontr\u00e9 une famille japonaise, de Yamanashi, en week-end \u00e0 Heda. \u00c9lo\u00efse et moi avons jou\u00e9 avec &hellip; <\/div><\/li>\n<li><div class=\"wp-block-latest-posts__featured-image\"><a href=\"https:\/\/cyclades.e-samson.org\/?p=3295\" aria-label=\"J15 &#8211; La p\u00e9ninsule d\u2019Izu et la baie de Suruga\"><img loading=\"lazy\" decoding=\"async\" width=\"150\" height=\"150\" src=\"https:\/\/cyclades.e-samson.org\/wp-content\/uploads\/2024\/07\/img_2570-150x150.jpg\" class=\"attachment-thumbnail size-thumbnail wp-post-image\" alt=\"\" style=\"\" \/><\/a><\/div><a class=\"wp-block-latest-posts__post-title\" href=\"https:\/\/cyclades.e-samson.org\/?p=3295\">J15 &#8211; La p\u00e9ninsule d\u2019Izu et la baie de Suruga<\/a><div class=\"wp-block-latest-posts__post-excerpt\">La p\u00e9ninsule d\u2019Izu est issue du m\u00eame volcanisme de point chaud que le Fuji, mais s\u2019est form\u00e9e ant\u00e9rieurement, le point chaud s\u2019\u00e9tant d\u00e9plac\u00e9 vers le nord relativement au Japon actuel. Dans l\u2019ouest de la p\u00e9ninsule, &hellip; <\/div><\/li>\n<li><div class=\"wp-block-latest-posts__featured-image\"><a href=\"https:\/\/cyclades.e-samson.org\/?p=3315\" aria-label=\"J15 &#8211; Notre maison typique \u00e0 Heda\"><img loading=\"lazy\" decoding=\"async\" width=\"150\" height=\"150\" src=\"https:\/\/cyclades.e-samson.org\/wp-content\/uploads\/2024\/07\/img_2595-150x150.jpg\" class=\"attachment-thumbnail size-thumbnail wp-post-image\" alt=\"\" style=\"\" \/><\/a><\/div><a class=\"wp-block-latest-posts__post-title\" href=\"https:\/\/cyclades.e-samson.org\/?p=3315\">J15 &#8211; Notre maison typique \u00e0 Heda<\/a><div class=\"wp-block-latest-posts__post-excerpt\">Nous avons vraiment beaucoup aim\u00e9 cette maison que nous avions r\u00e9serv\u00e9e par Airbnb !<\/div><\/li>\n<li><div class=\"wp-block-latest-posts__featured-image\"><a href=\"https:\/\/cyclades.e-samson.org\/?p=3367\" aria-label=\"J9 &#8211; Au restaurant avec un robot, par Archibald\"><img loading=\"lazy\" decoding=\"async\" width=\"150\" height=\"150\" src=\"https:\/\/cyclades.e-samson.org\/wp-content\/uploads\/2024\/07\/img_2034-150x150.jpg\" class=\"attachment-thumbnail size-thumbnail wp-post-image\" alt=\"\" style=\"\" \/><\/a><\/div><a class=\"wp-block-latest-posts__post-title\" href=\"https:\/\/cyclades.e-samson.org\/?p=3367\">J9 &#8211; Au restaurant avec un robot, par Archibald<\/a><div class=\"wp-block-latest-posts__post-excerpt\">Je m\u2019appelle Archibald j\u2019ai 5 ans Le robot ressemble \u00e0 \u00e7a : : Je te conseille d\u2019aller \u00e0 ce restaurant ultra bien \ud83e\udd29. Tu vas pouvoir d\u00e9couvrir plein de choses et de d\u00e9couvrir plein de &hellip; <\/div><\/li>\n<li><div class=\"wp-block-latest-posts__featured-image\"><a href=\"https:\/\/cyclades.e-samson.org\/?p=3378\" aria-label=\"J16 &#8211; Itsukushima &#8211; L\u2019Ile aux Daims en face d\u2019Hiroshima\"><img loading=\"lazy\" decoding=\"async\" width=\"150\" height=\"150\" src=\"https:\/\/cyclades.e-samson.org\/wp-content\/uploads\/2024\/07\/img_2650-150x150.jpg\" class=\"attachment-thumbnail size-thumbnail wp-post-image\" alt=\"\" style=\"\" \/><\/a><\/div><a class=\"wp-block-latest-posts__post-title\" href=\"https:\/\/cyclades.e-samson.org\/?p=3378\">J16 &#8211; Itsukushima &#8211; L\u2019Ile aux Daims en face d\u2019Hiroshima<\/a><div class=\"wp-block-latest-posts__post-excerpt\">Ce matin nous avons quitt\u00e9 notre maison de Heda et repris la route jusqu\u2019\u00e0 Shin-Fuji pour rendre la voiture et prendre le Shinkansen jusqu\u2019\u00e0 Hiroshima &#8211; changement \u00e0 Nagoya. Dans le Shinkansen on voyage toujours &hellip; <\/div><\/li>\n<li><div class=\"wp-block-latest-posts__featured-image\"><a href=\"https:\/\/cyclades.e-samson.org\/?p=3425\" aria-label=\"J17 &#8211; Balade sur Itsukushima et installation \u00e0 Hiroshima\"><img loading=\"lazy\" decoding=\"async\" width=\"150\" height=\"150\" src=\"https:\/\/cyclades.e-samson.org\/wp-content\/uploads\/2024\/07\/img_2697-150x150.jpg\" class=\"attachment-thumbnail size-thumbnail wp-post-image\" alt=\"\" style=\"\" \/><\/a><\/div><a class=\"wp-block-latest-posts__post-title\" href=\"https:\/\/cyclades.e-samson.org\/?p=3425\">J17 &#8211; Balade sur Itsukushima et installation \u00e0 Hiroshima<\/a><div class=\"wp-block-latest-posts__post-excerpt\">Aujourd\u2019hui, on d\u00e9marre avec le petit dej \u00e0 la japonaise \u00e0 l\u2019h\u00f4tel: tout est tr\u00e8s bon mais un peu d\u00e9routant ! Nous partons ensuite \u00e0 l\u2019aventure sur les routes de l\u2019\u00eele : Nous nous posons &hellip; <\/div><\/li>\n<li><div class=\"wp-block-latest-posts__featured-image\"><a href=\"https:\/\/cyclades.e-samson.org\/?p=3460\" aria-label=\"J18 &#8211; Hiroshima, les larmes aux yeux dans le parc de la Paix\"><img loading=\"lazy\" decoding=\"async\" width=\"150\" height=\"150\" src=\"https:\/\/cyclades.e-samson.org\/wp-content\/uploads\/2024\/07\/img_2784-150x150.jpg\" class=\"attachment-thumbnail size-thumbnail wp-post-image\" alt=\"\" style=\"\" \/><\/a><\/div><a class=\"wp-block-latest-posts__post-title\" href=\"https:\/\/cyclades.e-samson.org\/?p=3460\">J18 &#8211; Hiroshima, les larmes aux yeux dans le parc de la Paix<\/a><div class=\"wp-block-latest-posts__post-excerpt\">Il y a quelques jours sur la plage d\u2019Heda, le couple japonais avec qui nous avons discut\u00e9 nous a demand\u00e9 pourquoi nous avions eu l\u2019id\u00e9e, l\u2019envie de venir au Japon. J\u2019ai r\u00e9pondu que depuis tout &hellip; <\/div><\/li>\n<li><div class=\"wp-block-latest-posts__featured-image\"><a href=\"https:\/\/cyclades.e-samson.org\/?p=3471\" aria-label=\"J18 &#8211; La piscine de hier, \u00e0 Hiroshima, par Archibald !\"><img loading=\"lazy\" decoding=\"async\" width=\"150\" height=\"150\" src=\"https:\/\/cyclades.e-samson.org\/wp-content\/uploads\/2024\/07\/20240711_170032_original-1-150x150.jpg\" class=\"attachment-thumbnail size-thumbnail wp-post-image\" alt=\"\" style=\"\" \/><\/a><\/div><a class=\"wp-block-latest-posts__post-title\" href=\"https:\/\/cyclades.e-samson.org\/?p=3471\">J18 &#8211; La piscine de hier, \u00e0 Hiroshima, par Archibald !<\/a><div class=\"wp-block-latest-posts__post-excerpt\">Je suis all\u00e9 \u00e0 la piscine avec ma famille et mes fr\u00e8res et s\u0153urs ! C\u2019est trop cool la piscine !<\/div><\/li>\n<li><div class=\"wp-block-latest-posts__featured-image\"><a href=\"https:\/\/cyclades.e-samson.org\/?p=3478\" aria-label=\"J19 &#8211; Le Ch\u00e2teau d\u2019Himeji, arriv\u00e9e \u00e0 Kyoto\"><img loading=\"lazy\" decoding=\"async\" width=\"150\" height=\"150\" src=\"https:\/\/cyclades.e-samson.org\/wp-content\/uploads\/2024\/07\/img_2889-150x150.jpg\" class=\"attachment-thumbnail size-thumbnail wp-post-image\" alt=\"\" style=\"\" \/><\/a><\/div><a class=\"wp-block-latest-posts__post-title\" href=\"https:\/\/cyclades.e-samson.org\/?p=3478\">J19 &#8211; Le Ch\u00e2teau d\u2019Himeji, arriv\u00e9e \u00e0 Kyoto<\/a><div class=\"wp-block-latest-posts__post-excerpt\">Aujourd\u2019hui, nous faisons juste une halte dans la journ\u00e9e entre Hiroshima et Kyoto, pour visiter le ch\u00e2teau d\u2019Himeji. Nous avons donc pris le Shinkansen dans l\u2019autre sens, en direction de l\u2019agglom\u00e9ration de Kobe-Kyoto-Osaka, en nous &hellip; <\/div><\/li>\n<li><div class=\"wp-block-latest-posts__featured-image\"><a href=\"https:\/\/cyclades.e-samson.org\/?p=3517\" aria-label=\"J20 &#8211; Le Mus\u00e9e des Mangas de Kyoto, par \u00c9lo\u00efse\"><img loading=\"lazy\" decoding=\"async\" width=\"150\" height=\"150\" src=\"https:\/\/cyclades.e-samson.org\/wp-content\/uploads\/2024\/07\/img_2922-150x150.jpg\" class=\"attachment-thumbnail size-thumbnail wp-post-image\" alt=\"\" style=\"\" \/><\/a><\/div><a class=\"wp-block-latest-posts__post-title\" href=\"https:\/\/cyclades.e-samson.org\/?p=3517\">J20 &#8211; Le Mus\u00e9e des Mangas de Kyoto, par \u00c9lo\u00efse<\/a><div class=\"wp-block-latest-posts__post-excerpt\">Aujourd\u2019hui nous sommes all\u00e9s au mus\u00e9e du manga. Il y avait plein de mangas mais beaucoup \u00e9taient en japonais m\u00eame si il y en avait aussi en fran\u00e7ais et en d\u2019autres langues. Il y avait &hellip; <\/div><\/li>\n<li><div class=\"wp-block-latest-posts__featured-image\"><a href=\"https:\/\/cyclades.e-samson.org\/?p=3551\" aria-label=\"J21 &#8211; Le Mus\u00e9e National de Kyoto\"><img loading=\"lazy\" decoding=\"async\" width=\"150\" height=\"150\" src=\"https:\/\/cyclades.e-samson.org\/wp-content\/uploads\/2024\/07\/009563c1-06a9-44be-a314-6b09647d069f-33198-00001e944c17e314_file-150x150.jpg\" class=\"attachment-thumbnail size-thumbnail wp-post-image\" alt=\"\" style=\"\" \/><\/a><\/div><a class=\"wp-block-latest-posts__post-title\" href=\"https:\/\/cyclades.e-samson.org\/?p=3551\">J21 &#8211; Le Mus\u00e9e National de Kyoto<\/a><div class=\"wp-block-latest-posts__post-excerpt\">Cet apr\u00e8s-midi, nous avons visit\u00e9 ce tr\u00e8s beau mus\u00e9e. Seule l\u2019aile moderne est actuellement ouverte, et pr\u00e9sente des \u0153uvres depuis la pr\u00e9histoire jusqu\u2019au XVIIe si\u00e8cle, dans une dizaine de salles sur 3 niveaux, avec un &hellip; <\/div><\/li>\n<li><div class=\"wp-block-latest-posts__featured-image\"><a href=\"https:\/\/cyclades.e-samson.org\/?p=3586\" aria-label=\"Pock\u00e9tmonster\"><img loading=\"lazy\" decoding=\"async\" width=\"150\" height=\"150\" src=\"https:\/\/cyclades.e-samson.org\/wp-content\/uploads\/2024\/07\/img_3130-150x150.jpg\" class=\"attachment-thumbnail size-thumbnail wp-post-image\" alt=\"\" style=\"\" \/><\/a><\/div><a class=\"wp-block-latest-posts__post-title\" href=\"https:\/\/cyclades.e-samson.org\/?p=3586\">Pock\u00e9tmonster<\/a><div class=\"wp-block-latest-posts__post-excerpt\">C\u2019est trop coul Pok\u00e9mon Ca ta plu les images !!!!!\ud83d\ude02\ud83e\udd23\ud83c\udf8c\ud83c\uddef\ud83c\uddf5 Tu connais Pok\u00e9mon go ce jeu vid\u00e9o. \u2026\u2014\u2014\u2014\u2014\u2014\u2014-\u2026archibald<\/div><\/li>\n<li><div class=\"wp-block-latest-posts__featured-image\"><a href=\"https:\/\/cyclades.e-samson.org\/?p=3563\" aria-label=\"J21 &#8211; Temples et autres merveilles de Kyoto\"><img loading=\"lazy\" decoding=\"async\" width=\"150\" height=\"150\" src=\"https:\/\/cyclades.e-samson.org\/wp-content\/uploads\/2024\/07\/img_3003-150x150.jpg\" class=\"attachment-thumbnail size-thumbnail wp-post-image\" alt=\"\" style=\"\" \/><\/a><\/div><a class=\"wp-block-latest-posts__post-title\" href=\"https:\/\/cyclades.e-samson.org\/?p=3563\">J21 &#8211; Temples et autres merveilles de Kyoto<\/a><div class=\"wp-block-latest-posts__post-excerpt\">Aujourd\u2019hui, un dimanche bien rempli \u00e0 Kyoto ! La ville tr\u00e8s \u00e9tendue sur une vaste plaine donnant sur la mer, entour\u00e9e de montagnes, compte aujourd\u2019hui plus de 1,4 millions d\u2019habitants &#8211; et presque autant de &hellip; <\/div><\/li>\n<li><div class=\"wp-block-latest-posts__featured-image\"><a href=\"https:\/\/cyclades.e-samson.org\/?p=3617\" aria-label=\"J22 &#8211; Au lac Biwa et dans les rues de Ky\u014dt\u014d pour Yoi-Yoi-Yama, et dans Gion\"><img loading=\"lazy\" decoding=\"async\" width=\"150\" height=\"150\" src=\"https:\/\/cyclades.e-samson.org\/wp-content\/uploads\/2024\/07\/img_3151-150x150.jpg\" class=\"attachment-thumbnail size-thumbnail wp-post-image\" alt=\"\" style=\"\" \/><\/a><\/div><a class=\"wp-block-latest-posts__post-title\" href=\"https:\/\/cyclades.e-samson.org\/?p=3617\">J22 &#8211; Au lac Biwa et dans les rues de Ky\u014dt\u014d pour Yoi-Yoi-Yama, et dans Gion<\/a><div class=\"wp-block-latest-posts__post-excerpt\">Ce matin, nous prenons le train pour aller pique-niquer au bord du lac Biwa &#8211; le plus grand lac du Japon (on dirait la mer). Nous avions rep\u00e9r\u00e9 une jolie plage avec des petits restaurants &hellip; <\/div><\/li>\n<li><div class=\"wp-block-latest-posts__featured-image\"><a href=\"https:\/\/cyclades.e-samson.org\/?p=3663\" aria-label=\"J23 &#8211; Le ch\u00e2teau de Kyoto et une premi\u00e8re balade \u00e0 Nara\"><img loading=\"lazy\" decoding=\"async\" width=\"150\" height=\"150\" src=\"https:\/\/cyclades.e-samson.org\/wp-content\/uploads\/2024\/07\/img_3244-150x150.jpg\" class=\"attachment-thumbnail size-thumbnail wp-post-image\" alt=\"\" style=\"\" \/><\/a><\/div><a class=\"wp-block-latest-posts__post-title\" href=\"https:\/\/cyclades.e-samson.org\/?p=3663\">J23 &#8211; Le ch\u00e2teau de Kyoto et une premi\u00e8re balade \u00e0 Nara<\/a><div class=\"wp-block-latest-posts__post-excerpt\">Nijo-jo, le ch\u00e2teau de Kyoto Ce matin, encore un ch\u00e2teau ! Cette fois-ci, celui de Kyoto : encore un qui date de l\u2019\u00e9poque du premier Shogun Tokugawa, Tokugawa Ieyasu. Essayons au passage de tirer au &hellip; <\/div><\/li>\n<li><div class=\"wp-block-latest-posts__featured-image\"><a href=\"https:\/\/cyclades.e-samson.org\/?p=3731\" aria-label=\"J24 &#8211; Dans le parc de Nara\"><img loading=\"lazy\" decoding=\"async\" width=\"150\" height=\"150\" src=\"https:\/\/cyclades.e-samson.org\/wp-content\/uploads\/2024\/07\/img_3398-1-150x150.jpg\" class=\"attachment-thumbnail size-thumbnail wp-post-image\" alt=\"\" style=\"\" srcset=\"https:\/\/cyclades.e-samson.org\/wp-content\/uploads\/2024\/07\/img_3398-1-150x150.jpg 150w, https:\/\/cyclades.e-samson.org\/wp-content\/uploads\/2024\/07\/img_3398-1-300x300.jpg 300w, https:\/\/cyclades.e-samson.org\/wp-content\/uploads\/2024\/07\/img_3398-1-1024x1024.jpg 1024w, https:\/\/cyclades.e-samson.org\/wp-content\/uploads\/2024\/07\/img_3398-1-768x768.jpg 768w, https:\/\/cyclades.e-samson.org\/wp-content\/uploads\/2024\/07\/img_3398-1-1536x1536.jpg 1536w, https:\/\/cyclades.e-samson.org\/wp-content\/uploads\/2024\/07\/img_3398-1.jpg 1999w\" sizes=\"auto, (max-width: 150px) 100vw, 150px\" \/><\/a><\/div><a class=\"wp-block-latest-posts__post-title\" href=\"https:\/\/cyclades.e-samson.org\/?p=3731\">J24 &#8211; Dans le parc de Nara<\/a><div class=\"wp-block-latest-posts__post-excerpt\">Juste en sortant de notre maison, une curieuse maison avec des structure en bois et verre sous une enveloppe en m\u00e9tal ajour\u00e9. Nous entrons \u00e0 nouveau dans le tr\u00e8s grand parc de Nara, avec ses &hellip; <\/div><\/li>\n<li><div class=\"wp-block-latest-posts__featured-image\"><a href=\"https:\/\/cyclades.e-samson.org\/?p=3751\" aria-label=\"J25 &#8211; Osaka, journ\u00e9e aquatique\"><img loading=\"lazy\" decoding=\"async\" width=\"150\" height=\"150\" src=\"https:\/\/cyclades.e-samson.org\/wp-content\/uploads\/2024\/07\/image-15-150x150.jpg\" class=\"attachment-thumbnail size-thumbnail wp-post-image\" alt=\"\" style=\"\" \/><\/a><\/div><a class=\"wp-block-latest-posts__post-title\" href=\"https:\/\/cyclades.e-samson.org\/?p=3751\">J25 &#8211; Osaka, journ\u00e9e aquatique<\/a><div class=\"wp-block-latest-posts__post-excerpt\">Aujourd\u2019hui, nous quittons notre tr\u00e8s belle maison de Nara pour rejoindre Osaka. Un dernier petit daim sur le bus qui nous a emmen\u00e9 \u00e0 la gare \u2014 on vous avait bien dit qu\u2019il y en &hellip; <\/div><\/li>\n<li><div class=\"wp-block-latest-posts__featured-image\"><a href=\"https:\/\/cyclades.e-samson.org\/?p=3799\" aria-label=\"J26 &#8211; Osaka &#8211; encore un ch\u00e2teau &#8211; et plein d\u2019autres choses sympa\"><img loading=\"lazy\" decoding=\"async\" width=\"150\" height=\"150\" src=\"https:\/\/cyclades.e-samson.org\/wp-content\/uploads\/2024\/07\/img_3539-150x150.jpg\" class=\"attachment-thumbnail size-thumbnail wp-post-image\" alt=\"\" style=\"\" \/><\/a><\/div><a class=\"wp-block-latest-posts__post-title\" href=\"https:\/\/cyclades.e-samson.org\/?p=3799\">J26 &#8211; Osaka &#8211; encore un ch\u00e2teau &#8211; et plein d\u2019autres choses sympa<\/a><div class=\"wp-block-latest-posts__post-excerpt\">Ce matin, apr\u00e8s le petit dej, atelier cartes postales (\u00e7a sent la fin du voyage \ud83d\ude22) ! Et ensuite en route pour le ch\u00e2teau d\u2019Osaka, sous une bonne chaleur ! Le ch\u00e2teau d\u2019Osaka, construit initialement &hellip; <\/div><\/li>\n<li><div class=\"wp-block-latest-posts__featured-image\"><a href=\"https:\/\/cyclades.e-samson.org\/?p=3838\" aria-label=\"J27 &#8211; Le retour : une longue journ\u00e9e avec deux levers et deux couchers de soleil !\"><img loading=\"lazy\" decoding=\"async\" width=\"150\" height=\"150\" src=\"https:\/\/cyclades.e-samson.org\/wp-content\/uploads\/2024\/07\/img_3644-150x150.jpg\" class=\"attachment-thumbnail size-thumbnail wp-post-image\" alt=\"\" style=\"\" \/><\/a><\/div><a class=\"wp-block-latest-posts__post-title\" href=\"https:\/\/cyclades.e-samson.org\/?p=3838\">J27 &#8211; Le retour : une longue journ\u00e9e avec deux levers et deux couchers de soleil !<\/a><div class=\"wp-block-latest-posts__post-excerpt\">Ce matin, r\u00e9veil vers 7h pour un petit dej rapide dans notre maison, puis nous partons prendre le m\u00e9tro, pour rejoindre l\u2019un des deux a\u00e9roports d\u2019Osaka, celui de Kansai (KIX). Un trajet en m\u00e9tro pas &hellip; <\/div><\/li>\n<\/ul>","protected":false},"excerpt":{"rendered":"","protected":false},"author":1,"featured_media":0,"parent":2930,"menu_order":4,"comment_status":"closed","ping_status":"closed","template":"","meta":{"_s2mail":"yes","footnotes":""},"class_list":["post-3867","page","type-page","status-publish","hentry"],"jetpack_sharing_enabled":true,"_links":{"self":[{"href":"https:\/\/cyclades.e-samson.org\/index.php?rest_route=\/wp\/v2\/pages\/3867","targetHints":{"allow":["GET"]}}],"collection":[{"href":"https:\/\/cyclades.e-samson.org\/index.php?rest_route=\/wp\/v2\/pages"}],"about":[{"href":"https:\/\/cyclades.e-samson.org\/index.php?rest_route=\/wp\/v2\/types\/page"}],"author":[{"embeddable":true,"href":"https:\/\/cyclades.e-samson.org\/index.php?rest_route=\/wp\/v2\/users\/1"}],"replies":[{"embeddable":true,"href":"https:\/\/cyclades.e-samson.org\/index.php?rest_route=%2Fwp%2Fv2%2Fcomments&post=3867"}],"version-history":[{"count":2,"href":"https:\/\/cyclades.e-samson.org\/index.php?rest_route=\/wp\/v2\/pages\/3867\/revisions"}],"predecessor-version":[{"id":3869,"href":"https:\/\/cyclades.e-samson.org\/index.php?rest_route=\/wp\/v2\/pages\/3867\/revisions\/3869"}],"up":[{"embeddable":true,"href":"https:\/\/cyclades.e-samson.org\/index.php?rest_route=\/wp\/v2\/pages\/2930"}],"wp:attachment":[{"href":"https:\/\/cyclades.e-samson.org\/index.php?rest_route=%2Fwp%2Fv2%2Fmedia&parent=3867"}],"curies":[{"name":"wp","href":"https:\/\/api.w.org\/{rel}","templated":true}]}}